+ 1) prime?
False
Suppose 0 = 8*w - 25*w + 34. Suppose -w*y = -0*y - 3*z - 9259, -y = -3*z - 4622. Is y prime?
True
Suppose 0 = -2*a + 3*f + 33691, 4*a + 50499 = 7*a + 3*f. Is a prime?
False
Let v = 30699 - -3524. Is v a prime number?
False
Suppose -16*n + 31676 = -147044. Suppose 3*s - 8*s = -b + 2204, 5*b - n = -5*s. Is b a composite number?
True
Suppose 10*w - 22 - 18 = 0. Suppose -4*i + 9 = o, -w*i + 5*o = 2*o - 5. Suppose -i*v + 6*v = -a + 1571, -2*a + v = -3133. Is a prime?
True
Suppose 233*g - 473*g + 194105 = -235*g. Is g a prime number?
True
Let y(b) = 3*b - 7. Let f be y(-7). Let p = -29 - f. Is (3786/(6/(-2)))/(p - 1) prime?
True
Let h(a) = -a**3 + 3*a**2 + 8*a - 3. Let l be h(5). Let z = -13 - l. Suppose -c = -5*d - 23 - 140, -4*c - 5*d + 727 = z. Is c a composite number?
True
Let b be (-176)/(-64) - 3/4 - 13. Let z(m) = 337*m + 7. Let f be z(b). Is (-5)/(-4 - 1) - f/2 a prime number?
False
Let b = -3427 + 93980. Is b a prime number?
False
Suppose 3*h + 342785 = 3*y - 605083, -5*h = 5*y - 1579790. Is y a composite number?
True
Let m = 398 + 93. Let u = m + 7770. Is u a composite number?
True
Suppose -4*x + 6 = -2*x. Is -3 + 4*(x + 35) prime?
True
Suppose 2836 - 8635 = 3*j. Let a be (-970)/((28/(-12))/7). Let k = a + j. Is k prime?
True
Suppose 6*k + 11*k - 33388 = 0. Suppose 3*g - g - 990 = -2*q, 4*g + k = 4*q. Is q prime?
False
Let y = -85 - -87. Let n be y*(-2)/(-3)*(-117)/52. Is (-1 + n)*(-153)/12 + 2 composite?
False
Suppose 0 = 2*f + f + 4*n - 2, 0 = -2*f + 4*n + 8. Let w be (f - -3 - -1) + 0. Suppose 5*c - 677 = -2*x, 2*c = -0*c + w. Is x a composite number?
False
Let r = -110 - -115. Suppose -4*z - r*s + 4588 = 0, -5*z + 4*s + 862 + 4832 = 0. Is z prime?
False
Let u(w) = 562*w**2 + w. Let i be u(-1). Let z = -265 + 269. Suppose 272 + 480 = 4*k - z*n, -3*k + i = -4*n. Is k a composite number?
False
Let d = 51 + -63. Let o(h) be the first derivative of h**3/3 + 5*h**2 + 27*h - 12. Is o(d) prime?
False
Suppose 108*a - 2*a - 7695896 = 2*a. Is a prime?
True
Let q be (84/36)/(2/528). Suppose -q = -2*i - 2*i. Suppose 4*c - i = -t, 0 = -5*t - 4*c + 2*c + 788. Is t a composite number?
True
Let u be 6070/3 - 16/(-24). Let q(t) = 2*t**2 - 33*t + 16. Let b be q(16). Suppose 3*v - 4*g + 3*g - u = b, -v + 4*g = -682. Is v a prime number?
False
Suppose 748200 + 141370 = 10*s. Is s composite?
True
Is 64670685/90 + (-11)/66 composite?
True
Let t = 43 - 31. Suppose 679 = t*n - 377. Let d = n - 49. Is d composite?
True
Let j(r) = 11073*r - 100. Let m be j(17). Suppose 4*g + 235207 = 5*d, 4*d - m = 17*g - 22*g. Is d prime?
False
Suppose 0 = -6*v + 18 + 6. Suppose 5*x + 1161 = v*k - 0*x, -4*k + 4*x = -1156. Let r = k - 35. Is r composite?
True
Suppose -20*m - 32 - 8 = 0. Let i(t) = t**2 + 4*t. Let j be i(-4). Is (m + 1 + j)*-955 a prime number?
False
Suppose 16*r + 77150 + 19314 = 0. Is (27/(-3) + 4)*r prime?
False
Let m be 80/(-14) + 82/(-287). Is (-5 - m)/(4/35428) prime?
False
Suppose l = -5*l - 42. Is l + 3 + 56952/8 a prime number?
False
Let y(j) = 76*j - 21. Let t be y(24). Suppose 0 = 2*i + 5*p - 5072, -3870 - 8856 = -5*i - p. Let l = i - t. Is l composite?
False
Let b = -26563 + 46980. Is b prime?
False
Let j be -3*(-2)/6 - (3 - 1114). Suppose 5*m - 5*i + 147 - j = 0, 3*m = -i + 563. Suppose -5*h + m = 5*l - 926, -h = 2*l - 446. Is l prime?
True
Let d(y) = 5*y**2 + 250*y + 763. Is d(114) prime?
False
Let b(t) = -t**2 - 12*t - 6. Let o be b(-11). Suppose -o*x - 100 + 1995 = 0. Is x a composite number?
False
Is -1 - ((-507462)/9 - (6/9)/(-1)) a prime number?
True
Suppose 48249 = 2*t + 9*r - 8*r, -4*r - 20 = 0. Is t prime?
False
Suppose 0 = -145*r + 28784768 + 19718747. Is r prime?
True
Suppose -4*t + 2*d + 26 = 0, 5*t - 2*d - 16 = -5*d. Suppose t*a = 9*a + 12. Let l(f) = 12*f**2 + f + 13. Is l(a) composite?
True
Let z(c) = 15*c**2 + 12*c + 149. Let k(q) = 17*q**2 + 13*q + 149. Let o(l) = -4*k(l) + 5*z(l). Is o(26) a prime number?
False
Suppose -13 = -4*q - 5, -q = 4*y + 70. Let v be 5*(y/(-14) - (-14)/(-49)). Suppose v*x + 20 = 495. Is x a prime number?
False
Let v(m) be the second derivative of 7*m**4 + 2*m**3/3 - 15*m**2/2 + 3453*m. Suppose b - 5 + 1 = 0. Is v(b) composite?
True
Suppose 17*w + 2620133 = 21*w + p, -p = -2*w + 1310065. Is w prime?
True
Is (-940180)/(-50) - 17 - (24/(-10) + 2) a composite number?
False
Let n(v) = 2*v - v - 9 + 4*v**3 + 8*v**2 - 5*v**3 - 3*v. Let j be n(-9). Let q = -853 + j. Is q a prime number?
False
Suppose 42*x - 35*x = 0. Suppose 7*d = -x*d + 16051. Is d a prime number?
True
Suppose -3*y + 2*o + 6 = -o, -y - 2 = 3*o. Let d(z) be the third derivative of 1403*z**4/24 - 2*z**3 + 24*z**2. Is d(y) prime?
False
Suppose -1804*v + 1736*v + 54911836 = 0. Is v prime?
False
Suppose 66 = -0*o + 22*o. Suppose f - 5*t - 84 = 0, 0 = -o*f + 4*t - 2*t + 239. Is f composite?
False
Let s(u) be the first derivative of -u**3/3 - 22*u**2 - 8*u - 53. Is s(-31) a prime number?
False
Suppose -7*i - 3*r - 33 = -10*i, -5*r + 5 = 5*i. Is 8/12*155205/i a composite number?
True
Let q(c) = -394748*c + 1161. Is q(-2) a prime number?
False
Suppose 26*m - 13794 = 25*m - 5*h, -2*m - h = -27597. Is m a prime number?
True
Let c(p) = 12 + 71*p + 37 + 16*p + 10*p. Is c(12) prime?
True
Suppose -v - 8*y = -6*y + 40935, 5*v = -3*y - 204675. Let i = v + 60490. Is i composite?
True
Let j = -5082 + 12464. Is j composite?
True
Suppose -2*n + 14 = 0, -a = 133*n - 134*n - 297670. Is a composite?
True
Let x(k) = -1106394*k**3 + 99*k**2 + 102*k + 2. Is x(-1) a prime number?
False
Let l = -18 - -27. Suppose -c + 4*d + 8 - 18 = 0, d - l = -3*c. Suppose -c*k + 207 = -2515. Is k composite?
False
Suppose 0 = -5*x - 5*p + 25, 0 = 5*x - 2*p - 0 + 10. Suppose 5*w = 3*j - 5233, -5*j - 4*w = -x*w - 8697. Is j a composite number?
False
Suppose 0 = 2*u - 6*u. Suppose 0 = 5*q - 12 - 3. Suppose -2*z + x + 680 = -z, -5*z - q*x + 3424 = u. Is z a prime number?
True
Suppose -2*q = p - 11375, 0 = p + 6*q - 10*q - 11399. Is p prime?
True
Let u = 7944 + 7176. Suppose 4192 = -8*p + u. Is p a composite number?
True
Let r(u) = -u + 21. Let f be r(16). Suppose 0 = -0*z + f*z - 20. Is (5466/(-9))/(z/(-6)) a prime number?
True
Suppose -7 - 38 = -3*g. Let k be (-4 + -1)*(-87630)/75. Suppose 0 = 4*w - w + g, 5*w + k = 3*s. Is s composite?
True
Suppose 62 = 5*b - j - 126, -b - 4*j = -46. Suppose 5*c = -2*a + 99, 0 = -a - 0*a - 3*c + 48. Let l = a - b. Is l composite?
False
Suppose 12*n - 15 = 9*n - 3*b, -2*n - 4*b + 8 = 0. Suppose -3*h = -q + 10651, -4*q - n*h = -8*h - 42604. Is q a composite number?
False
Suppose -12 = 5*l + 8, 2*x + l - 5312 = 0. Suppose -5*r + 8*r = x. Is r prime?
False
Suppose 0*n - 2*w = -5*n + 633, n - 117 = -2*w. Let d = n - 121. Suppose -7*b - 6359 = -8*b - 5*p, 0 = d*p - 8. Is b composite?
True
Suppose 859*c - 864*c + 54710 = 0. Let a = 6553 + c. Is a a prime number?
False
Let j = -50587 - -109574. Is j a prime number?
False
Suppose -266*q = -243*q - 928763. Is q a composite number?
True
Is ((-22)/(-66))/(1*1/17769) prime?
True
Suppose 2*x - 1 + 7 = 0. Is ((-12049)/x)/((-4)/(-12)) composite?
False
Suppose 28*g - 23*g = -315. Let j = 63 + g. Suppose j = 2*a + 3*a - 2405. Is a composite?
True
Suppose 0 = -2*c - 4*o - 5878, 2*o = 2*c - 6*c - 11756. Is (c/(-4))/(77/(-28) + 3) prime?
True
Let z = -258752 - -426631. Is z a prime number?
True
Suppose 5*v = -2*f + 816669, -3*f + 5*f + 2*v = 816672. Is f a prime number?
True
Let n(h) = -24*h**2 + 3*h + 17. Suppose 10*b - 2 = 12*b. Let q(k) = -k**2 + k - 1. Let c(s) = b*n(s) - 6*q(s). Is c(12) a prime number?
True
Let s(o) = 5*o - 51. Let f be s(9). Let l be ((-6)/5)/((-3)/((-1935)/f)). Let z = -2 + l. Is z a composite number?
False
Suppose -239 = -a + 313. Suppose -59*l + 3*c = -61*l + 299, -c = -3*l + 432. Let q = a - l. Is q prime?
False
Is 457647*(-14 - (-86)/6) prime?
False
Suppose c = -c - 5*n + 38, -38 = -2*c + n. Let k = c + -15. Suppose 0 = -l - k, 947 = s + 3*l - 84. Is s a prime number?
False
Let k be (-2)/(-6) - ((-119)/21 + 3). Suppose 362 - 1583 = -k*j. Is j a composite number?
True
Let s(i) = 115*i**3 + 3*i**2 - 2*i. Let l be s(1). Suppose l*u - 119*u = -23721. Is u composite?
False
Let n(u) = -7030*u + 6317. Is n(-42) composite?
False
Let q = 522989 + -277488. Is q a prime number?
True
Let d(o)